{"id":13,"date":"2015-08-19T12:52:08","date_gmt":"2015-08-19T12:52:08","guid":{"rendered":"https:\/\/www.hydroref.com\/GTH-ARIII\/?page_id=13"},"modified":"2018-04-11T17:57:05","modified_gmt":"2018-04-11T15:57:05","slug":"reuniones","status":"publish","type":"page","link":"https:\/\/www.hydroref.com\/GTH-ARIII\/reuniones\/","title":{"rendered":"Reuniones"},"content":{"rendered":"<h2>SOBRE LAS REUNIONES<\/h2>\n<h4><span style=\"color: #ff0000;\">\u00a0<\/span><\/h4>\n<p>Las reuniones se desarrollan regularmente cada 4 a\u00f1os y en ellas participan los Asesores Hidrol\u00f3gicos de los Representantes Permanentes de cada pa\u00eds de la Asociaci\u00f3n Regional III. Los trabajos que se presentan durante las reuniones se publican en el sitio web,<\/p>\n<p><a href=\"https:\/\/www.hydroref.com\/GTH-ARIII\/reunion-montevideo-2014\/\">Montevideo 2014<\/a><\/p>\n<p><a href=\"https:\/\/www.hydroref.com\/GTH-ARIII\/reunion-xxx\/\">Asunci\u00f3n 2015<\/a><\/p>\n<p><a href=\"https:\/\/www.hydroref.com\/GTH-ARIII\/reunion-lima-ffgs\/\">Lima FFGS 2016<\/a><\/p>\n<p><a href=\"https:\/\/www.hydroref.com\/GTH-ARIII\/reuniones\/asuncion-2017\/\">Asunci\u00f3n 2017<\/a><\/p>\n<p><a href=\"https:\/\/www.hydroref.com\/GTH-ARIII\/reuniones\/ffgs-bogota-2018\/\">Bogota FFGS 2018<\/a><\/p>\n","protected":false},"excerpt":{"rendered":"<p>SOBRE LAS REUNIONES \u00a0 Las reuniones se desarrollan regularmente cada 4 a\u00f1os y en ellas participan los Asesores Hidrol\u00f3gicos de los Representantes Permanentes de cada pa\u00eds de la Asociaci\u00f3n Regional III. Los trabajos que se presentan durante las reuniones se publican en el sitio web, Montevideo 2014 Asunci\u00f3n 2015 Lima FFGS 2016 Asunci\u00f3n 2017 Bogota [&hellip;]<\/p>\n","protected":false},"author":1,"featured_media":0,"parent":0,"menu_order":0,"comment_status":"closed","ping_status":"closed","template":"page-templates\/full-width.php","meta":{"_s2mail":""},"_links":{"self":[{"href":"https:\/\/www.hydroref.com\/GTH-ARIII\/wp-json\/wp\/v2\/pages\/13"}],"collection":[{"href":"https:\/\/www.hydroref.com\/GTH-ARIII\/wp-json\/wp\/v2\/pages"}],"about":[{"href":"https:\/\/www.hydroref.com\/GTH-ARIII\/wp-json\/wp\/v2\/types\/page"}],"author":[{"embeddable":true,"href":"https:\/\/www.hydroref.com\/GTH-ARIII\/wp-json\/wp\/v2\/users\/1"}],"replies":[{"embeddable":true,"href":"https:\/\/www.hydroref.com\/GTH-ARIII\/wp-json\/wp\/v2\/comments?post=13"}],"version-history":[{"count":20,"href":"https:\/\/www.hydroref.com\/GTH-ARIII\/wp-json\/wp\/v2\/pages\/13\/revisions"}],"predecessor-version":[{"id":801,"href":"https:\/\/www.hydroref.com\/GTH-ARIII\/wp-json\/wp\/v2\/pages\/13\/revisions\/801"}],"wp:attachment":[{"href":"https:\/\/www.hydroref.com\/GTH-ARIII\/wp-json\/wp\/v2\/media?parent=13"}],"curies":[{"name":"wp","href":"https:\/\/api.w.org\/{rel}","templated":true}]}}