{"id":423,"date":"2016-02-25T14:04:52","date_gmt":"2016-02-25T14:04:52","guid":{"rendered":"https:\/\/www.hydroref.com\/GTH-ARIII\/?page_id=423"},"modified":"2018-04-11T16:16:32","modified_gmt":"2018-04-11T14:16:32","slug":"temas","status":"publish","type":"page","link":"https:\/\/www.hydroref.com\/GTH-ARIII\/temas\/","title":{"rendered":"Area de trabajo"},"content":{"rendered":"<p>En esta p\u00e1gina, reservada a los miembros del Grupo de Trabajo, \u00a0se encuentran materiales de trabajo (borradores, documentos, presentaciones, etc.) en discusi\u00f3n entre\u00a0los miembros del grupo, as\u00ed como informaci\u00f3n general relacionada a los temas de trabajo del grupo. Est\u00e0n divididos por temas. Los productos finales del trabajo del grupo ser\u00e0n movidos a la secci\u00f3n &#8220;Documentos&#8221;.<\/p>\n<h2>Temas por el periodo 2015-2018<\/h2>\n<h2>1. Redes de mediciones, <span id=\"result_box\" class=\"short_text\" lang=\"es\"><span class=\"hps\">monitoreo de datos\u00a0e<\/span><\/span> intercambio de datos<\/h2>\n<ul>\n<li><a href=\"https:\/\/www.hydroref.com\/GTH-ARIII\/hidrometria\/\">Nota de J.Narbona sobre Hidrometr\u00eda Integrada<\/a><\/li>\n<li><a href=\"https:\/\/www.hydroref.com\/GTH-ARIII\/wp-content\/uploads\/2016\/04\/Plata_HIS_2.pptx\">Presentaci\u00f3n de S. Pecora a la teleconferencia del WIGOS-SAS\/CP del 8 de Abril 2016 &#8220;The Plata Basin HIS: towards an operational system&#8221;<span lang=\"EN-GB\"><span style=\"color: #000000; font-family: Verdana; font-size: small;\">\u00a0<\/span><\/span><\/a><\/li>\n<li><a href=\"https:\/\/www.hydroref.com\/GTH-ARIII\/wp-content\/uploads\/2017\/07\/experiencia-proceso-calidad-del-dato-hidrologico-IDEAM.pdf\" target=\"_blank\" rel=\"noopener\"> Reporte de experiencias en calidad del dato hidrol\u00f3gico en Colombia <\/a>(Fabio Andr\u00e9s Bernal)<\/li>\n<li><a href=\"https:\/\/www.hydroref.com\/GTH-ARIII\/wp-content\/uploads\/2017\/07\/Hidr-Integr-OMM-v2.pdf\">Hidrometr\u00eda Integrada en Chile<\/a><\/li>\n<li>WIGOS-SAS\/CP: Documento de Trabajo. Desarrollo de un Sistema Hidrometeorol\u00f3gico Operacional en la Cuenca del Plata.\u00a0<a href=\"https:\/\/www.hydroref.com\/GTH-ARIII\/wp-content\/uploads\/2017\/10\/Project-WSASCP.docx\">Project WSASCP<\/a><\/li>\n<\/ul>\n<h2>2. Crecidas repentinas<\/h2>\n<p>En el link que sigue se encuentran diversos documentos acerca de del FFGS Flash Flood Guidance System (Sistema de Gu\u00eda para Crecidas Repentinas) y su implementaci\u00f3n para Sud Am\u00e9trica. Este sistema es de gran inter\u00e9s para la Regi\u00f3n ya que es una herramienta que, bas\u00e1ndose cantidades de precipitaci\u00f3n esperada, entrega advertencias acerca de la posibilidad de generar crecidas repentinas que signufiquen riesgo para las personas o bienes materiales.<\/p>\n<ul>\n<li><a href=\"https:\/\/www.hydroref.com\/GTH-ARIII\/reunion-lima-ffgs\/\">FFGS Flash Flood Guidance System<\/a><\/li>\n<li><a href=\"https:\/\/www.hydroref.com\/GTH-ARIII\/wp-content\/uploads\/2017\/07\/acance-tema-crecientes-subitas.pdf\" target=\"_blank\" rel=\"noopener\">Avances en la evaluaci\u00f3n de crecientes s\u00fabtas en Colombia Asociaci\u00f3n Regional III de la Organizaci\u00f3n meteorol\u00f3gica mundial<\/a> (Fabio Andr\u00e9s Bernal)<\/li>\n<li>FFGS: Demostraci\u00f3n de un FFGS Regional. Presentaci\u00f3n de HRC en Reuni\u00f3n de Lima 2016.\u00a0<a href=\"https:\/\/www.hydroref.com\/GTH-ARIII\/wp-content\/uploads\/2017\/11\/HRC_IntroductionFFGS.pdf\">HRC_IntroductionFFGS<\/a><\/li>\n<li><a href=\"https:\/\/www.hydroref.com\/GTH-ARIII\/reuniones\/ffgs-bogota-2018\/\">FFGS:\u00a0reuni\u00f3n inicial de planeaci\u00f3n del proyecto del Sistema Gu\u00eda para Crecidas\u00a0Repentinas en el Noroeste de Am\u00e9rica del Sur (NWSAFFGS)<\/a>.<\/li>\n<\/ul>\n<h2>3. Fomentar la predicci\u00f3n hidroclim\u00e1tica en cooperaci\u00f3n con los Centros Regionales de Clima y la Comisi\u00f3n de Hidrolog\u00eda (CHi)<\/h2>\n<ul>\n<li><a href=\"https:\/\/www.hydroref.com\/GTH-ARIII\/wp-content\/uploads\/2016\/04\/Informe-participaci\u00f3n-Foro-Clim\u00e1tico-Silvana-Alcoz-Dic.-2015.pdf\"><span style=\"color: #000000;\">Informe de S.Alcoz sobre su participaci\u00f3n en el <span lang=\"EN-GB\"><span style=\"font-family: Verdana; font-size: small;\">XXXIX Foro Regional de Perspectivas Clim\u00e1ticas para el Sudeste de Sudam\u00e9rica, 15 al 17 de Diciembre de 2015, Porto Alegre, Brasil<\/span><\/span><\/span><\/a><\/li>\n<li><a href=\"https:\/\/www.hydroref.com\/GTH-ARIII\/wp-content\/uploads\/2016\/05\/Informe-reunion-CRC-SAS_DG.pdf\">Informe de D. Goniadzki sobre su particpaci\u00f3n en el XL Foro Regional de Perspectivas Clim\u00e1ticas para el Sudeste de Sudam\u00e9rica, 2 a 5 de Mayo 2016, Santiago, Chile<\/a>\n<ul>\n<li><a href=\"https:\/\/www.hydroref.com\/GTH-ARIII\/wp-content\/uploads\/2016\/05\/implicancias-del-pronostico-climatico-en-cuenca-del-Plata.pdf\">Presentaci\u00f3n D. Goniadzki al XL Foro Regional<\/a><\/li>\n<li><a href=\"https:\/\/www.hydroref.com\/GTH-ARIII\/wp-content\/uploads\/2016\/05\/Implicancias-el-Sector-Hidrico.pdf\">Presentaci\u00f3n de L. Chamorro al XL Foro Regional<\/a><\/li>\n<\/ul>\n<\/li>\n<\/ul>\n<h2>4. Promover la gesti\u00f3n integrada de crecidas, a trav\u00e9s de la organizaci\u00f3n de cursos, talleres y proyectos de demostraci\u00f3n<\/h2>\n<h2>5. Promover el trabajo en el \u00e1mbito de los sistemas de alerta temprana<\/h2>\n<h2>6. Elaborar y ejecutar un programa de trabajo sobre las nuevas esferas de inter\u00e9s<\/h2>\n<h2>7.\u00a0Mejorar y optimizar el sitio web del Grupo de trabajo<\/h2>\n<h2>8. Entrenamiento y formaci\u00f3n profesional<\/h2>\n<p>Material preparado por consultor OMM para M\u00e9xico &#8211; Archivos comprimidos (.zip)<\/p>\n<ul>\n<li><a href=\"https:\/\/www.hydroref.com\/GTH-ARIII\/wp-content\/uploads\/2016\/04\/Seminario-sobre-sediimentos-y-uso-de-datos.zip\" target=\"_blank\" rel=\"noopener\">Seminario sobre sedimentos y uso de datos <\/a><\/li>\n<li><a href=\"https:\/\/www.hydroref.com\/GTH-ARIII\/wp-content\/uploads\/2016\/04\/Seminario-de-fluviomorfologia.zip\" target=\"_blank\" rel=\"noopener\">Seminario de fluviomorfolog\u00eda<\/a><\/li>\n<\/ul>\n","protected":false},"excerpt":{"rendered":"<p>En esta p\u00e1gina, reservada a los miembros del Grupo de Trabajo, \u00a0se encuentran materiales de trabajo (borradores, documentos, presentaciones, etc.) en discusi\u00f3n entre\u00a0los miembros del grupo, as\u00ed como informaci\u00f3n general relacionada a los temas de trabajo del grupo. Est\u00e0n divididos por temas. Los productos finales del trabajo del grupo ser\u00e0n movidos a la secci\u00f3n &#8220;Documentos&#8221;. [&hellip;]<\/p>\n","protected":false},"author":1,"featured_media":0,"parent":0,"menu_order":0,"comment_status":"closed","ping_status":"closed","template":"","meta":{"_s2mail":""},"_links":{"self":[{"href":"https:\/\/www.hydroref.com\/GTH-ARIII\/wp-json\/wp\/v2\/pages\/423"}],"collection":[{"href":"https:\/\/www.hydroref.com\/GTH-ARIII\/wp-json\/wp\/v2\/pages"}],"about":[{"href":"https:\/\/www.hydroref.com\/GTH-ARIII\/wp-json\/wp\/v2\/types\/page"}],"author":[{"embeddable":true,"href":"https:\/\/www.hydroref.com\/GTH-ARIII\/wp-json\/wp\/v2\/users\/1"}],"replies":[{"embeddable":true,"href":"https:\/\/www.hydroref.com\/GTH-ARIII\/wp-json\/wp\/v2\/comments?post=423"}],"version-history":[{"count":28,"href":"https:\/\/www.hydroref.com\/GTH-ARIII\/wp-json\/wp\/v2\/pages\/423\/revisions"}],"predecessor-version":[{"id":795,"href":"https:\/\/www.hydroref.com\/GTH-ARIII\/wp-json\/wp\/v2\/pages\/423\/revisions\/795"}],"wp:attachment":[{"href":"https:\/\/www.hydroref.com\/GTH-ARIII\/wp-json\/wp\/v2\/media?parent=423"}],"curies":[{"name":"wp","href":"https:\/\/api.w.org\/{rel}","templated":true}]}}