{"id":620,"date":"2016-08-29T20:29:14","date_gmt":"2016-08-29T18:29:14","guid":{"rendered":"https:\/\/www.hydroref.com\/GTH-ARIII\/?page_id=620"},"modified":"2017-10-24T22:06:29","modified_gmt":"2017-10-24T20:06:29","slug":"reunion-lima-ffgs","status":"publish","type":"page","link":"https:\/\/www.hydroref.com\/GTH-ARIII\/reunion-lima-ffgs\/","title":{"rendered":"Reuni\u00f3n Lima FFGS"},"content":{"rendered":"<h4 style=\"text-align: center;\"><strong>FLASH FLOOD GUIDANCE SYSTEM<\/strong><\/h4>\n<p style=\"text-align: center;\"><strong>Sistema Guia para Crecidas Repentinas<\/strong><\/p>\n<div data-canvas-width=\"61.775240000000004\">El objetivo del presente proyecto es la elaboraci\u00f3n y aplicaci\u00f3n de sistemas gu\u00eda para crecidas repentinas y de alerta temprana. A tal fin ser\u00e1 necesario desarrollar la tecnolog\u00eda, formaci\u00f3n, protocolos y procedimientos necesarios para que se puedan mitigar los efectos de este tipo de crecidas y la aplicaci\u00f3n de tales sistemas permite que los Servicios Meteorol\u00f3gicos e Hidrol\u00f3gicos Nacionales (SMHN) de los pa\u00edses participantes puedan<\/div>\n<div data-canvas-width=\"11.8806\">transmitir oportunamente informaci\u00f3n decisiva.<\/div>\n<div data-canvas-width=\"11.8806\"><\/div>\n<div data-canvas-width=\"763.9801400000001\">Para lograr ese objetivo, la Organizaci\u00f3n Meteorol\u00f3gica Mundial (OMM), en cooperaci\u00f3n<\/div>\n<div data-canvas-width=\"81.3649\">con el Centro de investigaci\u00f3n hidrol\u00f3gica (CIH) de San Diego (Estados Unidos de Am\u00e9rica),<\/div>\n<div data-canvas-width=\"18.50483333333333\">se emplear\u00e1 en la aplicaci\u00f3n de un sistema gu\u00eda para crecidas repentinas y de alerta temprana, cuyo dise\u00f1o se inspirar\u00e1 en el de sistemas similares que se han puesto en funcionamiento en diferentes partes del mundo. El proyecto de este sistema lo ejecutar\u00e1n los Servicios Hidrometeorol\u00f3gicos Nacionales de los pa\u00edses participantes en el mismo, en coordinaci\u00f3n con uno o m\u00e1s Centros Regional es designados, que por lo general se encuentran en uno de los pa\u00eds es de una regi\u00f3n espec\u00edfica. P ara ello contar\u00e1n con la asistencia t\u00e9cnica del Centro de investigaci\u00f3n hidrol\u00f3gica, facilitada en cooperaci\u00f3n con la Administraci\u00f3n Nacional del Oc\u00e9ano y de la Atm\u00f3sfera (NOAA)\/Servicio Meteorol\u00f3gico Nacional (SMN), para el suministro de la informaci\u00f3n apropiada a escala mundial; por su parte, la OMM proporcionar\u00e1 servicios de apoyo t\u00e9cnico y supervisi\u00f3n, y en particular se encargar\u00e1 del seguimiento y la evaluaci\u00f3n del proyecto.<\/div>\n<div data-canvas-width=\"18.50483333333333\"><\/div>\n<div data-canvas-width=\"66.21882666666666\">Bas\u00e1ndose en las estimaciones de las precipitaciones realizadas a partir de im\u00e1genes satelitales y de los pluvi\u00f3metros disponibles y\/o radares, el sistema facilitar\u00e1 al SMHN de cada pa\u00eds participante una estimaci\u00f3n de la cantidad de precipitaci\u00f3n esperada y una<\/div>\n<div data-canvas-width=\"85.45514000000001\">indicaci\u00f3n, fundada en modelos hidrol\u00f3gicos de base f\u00edsica, de si esa precipitaci\u00f3n generar\u00eda<\/div>\n<div data-canvas-width=\"248.1666800000001\">un caudal de desbordamiento (p. ej., inundaciones de poca importancia) en la<\/div>\n<div data-canvas-width=\"45.0358\">desembocadura de cuencas peque\u00f1as, propensas a las crecidas repentinas, de un pa\u00eds.<\/div>\n<div data-canvas-width=\"11.900599999999999\">Los SMHN incorporar\u00e1n conocimientos locales de otras fuentes (sus redes nacionales,<\/div>\n<div data-canvas-width=\"336.42888\">informes de observadores, etc.) para validar las indicaciones de referencia y emitir\u00e1n, cuando sea necesario, un aviso a trav\u00e9s de los canales propios de cada pa\u00eds. La asistencia t\u00e9cnica abarca la elaboraci\u00f3n y aplicaci\u00f3n del sistema gu\u00eda para crecidas repentinas y de alerta temprana, as\u00ed como la investigaci\u00f3n y el desarrollo de mejoras para el mismo, en particular la inclusi\u00f3n de tecnolog\u00eda de infrarrojos y de microondas para las estimaciones de la lluvia mediante sat\u00e9lites, seg\u00fan se necesite para las distintas aplicaciones, y la formaci\u00f3n y creaci\u00f3n de capacidad con respecto al funcionamiento de los sistemas y a sus aplicaciones a la reducci\u00f3n de los riesgos de desastre (es decir, un enfoque del sistema de extremo a\u00a0 extremo). Gracias a este enfoque, cada pa\u00eds dispondr\u00e1 de una herramienta para acceder a los datos e informaci\u00f3n necesarios para preparar alertas y avisos de crecidas repentinas.<\/div>\n<div data-canvas-width=\"124.61121999999997\"><\/div>\n<div data-canvas-width=\"424.46034000000003\">As\u00ed pues, el principal objetivo de esta propuesta de proyecto es contribuir a reducir la vulnerabilidad a los desastres hidrometeorol\u00f3gicos, y espec\u00edficamente a las crecidas repentinas, mediante la elaboraci\u00f3n y aplicaci\u00f3n de un sistema gu\u00eda para crecidas repentinas a fin de fortalecer la capacidad de preparar avisos de crecidas repentinas oportunos y precisos.<\/div>\n<div data-canvas-width=\"424.46034000000003\"><\/div>\n<div data-canvas-width=\"424.46034000000003\"><\/div>\n<div data-canvas-width=\"424.46034000000003\">M\u00e1s informaci\u00f3n y los documentos y presentaciones tratados en la Reuni\u00f3n de Lima desarrollada entre el 16 y 18 de agosto de 2016, pueden encotrarse en el siguiente link :<\/div>\n<div data-canvas-width=\"424.46034000000003\"><\/div>\n<div data-canvas-width=\"424.46034000000003\"><\/div>\n<div data-canvas-width=\"424.46034000000003\"><a href=\"http:\/\/www.wmo.int\/pages\/prog\/hwrp\/flood\/ffgs\/saffg\/saffg.php\">Reunion Lima<\/a><\/div>\n<div data-canvas-width=\"424.46034000000003\"><\/div>\n","protected":false},"excerpt":{"rendered":"<p>FLASH FLOOD GUIDANCE SYSTEM Sistema Guia para Crecidas Repentinas El objetivo del presente proyecto es la elaboraci\u00f3n y aplicaci\u00f3n de sistemas gu\u00eda para crecidas repentinas y de alerta temprana. A tal fin ser\u00e1 necesario desarrollar la tecnolog\u00eda, formaci\u00f3n, protocolos y procedimientos necesarios para que se puedan mitigar los efectos de este tipo de crecidas y [&hellip;]<\/p>\n","protected":false},"author":31,"featured_media":0,"parent":0,"menu_order":0,"comment_status":"closed","ping_status":"closed","template":"","meta":{"_s2mail":""},"_links":{"self":[{"href":"https:\/\/www.hydroref.com\/GTH-ARIII\/wp-json\/wp\/v2\/pages\/620"}],"collection":[{"href":"https:\/\/www.hydroref.com\/GTH-ARIII\/wp-json\/wp\/v2\/pages"}],"about":[{"href":"https:\/\/www.hydroref.com\/GTH-ARIII\/wp-json\/wp\/v2\/types\/page"}],"author":[{"embeddable":true,"href":"https:\/\/www.hydroref.com\/GTH-ARIII\/wp-json\/wp\/v2\/users\/31"}],"replies":[{"embeddable":true,"href":"https:\/\/www.hydroref.com\/GTH-ARIII\/wp-json\/wp\/v2\/comments?post=620"}],"version-history":[{"count":11,"href":"https:\/\/www.hydroref.com\/GTH-ARIII\/wp-json\/wp\/v2\/pages\/620\/revisions"}],"predecessor-version":[{"id":728,"href":"https:\/\/www.hydroref.com\/GTH-ARIII\/wp-json\/wp\/v2\/pages\/620\/revisions\/728"}],"wp:attachment":[{"href":"https:\/\/www.hydroref.com\/GTH-ARIII\/wp-json\/wp\/v2\/media?parent=620"}],"curies":[{"name":"wp","href":"https:\/\/api.w.org\/{rel}","templated":true}]}}